at is the hundreds digit of b(-10)?
1
Suppose -2*r - 14 = -f - 7*r, 50 = 2*f - r. What is the units digit of f?
4
Let z(r) = -18*r**3 + 6*r**2 + 7*r + 6. Let v(i) = -i**2 - i - 1. Let a(u) = 5*v(u) + z(u). Let f be a(-1). What is the tens digit of (-10)/45 - (-328)/f?
1
Let v = -56 + 61. Let x(p) = 6*p**3 + 5*p - 4. Let o(r) = 5*r**3 - r**2 + 4*r - 4. Let l(u) = -5*o(u) + 4*x(u). What is the units digit of l(v)?
4
Let f(j) = 2*j + 8. Let q(z) = 5*z + 23. Let a(u) = 11*f(u) - 4*q(u). What is the units digit of a(8)?
2
Let d(u) = -u**3 + 12*u**2 + 12*u + 1. Let y be d(13). Let t(k) = k + 14. What is the units digit of t(y)?
2
Suppose 5*j = -g + 8, 4*j - 7*j = 4*g - 15. Suppose 0 = -2*z + 5 + g. What is the units digit of z?
4
Suppose -3*y + 4*w = -0*w - 36, 67 = 4*y + w. What is the units digit of y?
6
Suppose -1108 = -6*m - 310. What is the hundreds digit of m?
1
Suppose 30 = -4*n + 2*n. Let j = 29 + n. What is the units digit of j?
4
Let c(h) be the third derivative of -h**5/60 - 3*h**4/8 + 5*h**3/6 - 3*h**2. What is the units digit of c(-9)?
5
Let a be (-3)/(-2)*(-32)/12. What is the tens digit of ((-26)/4)/(a/8)?
1
Suppose 5*b - 11 = v, v - 2*b - 3 = -5. Suppose -v*r = 22 - 162. What is the tens digit of r?
3
Let h be 0/(-1) + 60/2. Suppose 4*x - h = -x. What is the units digit of x/10 - 68/(-20)?
4
Let u(q) = -81*q + 1. What is the units digit of u(-1)?
2
Let a be (-346)/(-18) - 4/18. Suppose -2*g - 2*g - 3*u + 43 = 0, -2*g + u = -a. What is the tens digit of g?
1
Let u be ((-18)/(-15))/(9/240). Let z = u - 17. What is the tens digit of z?
1
Suppose -s - 4 = -7. What is the units digit of s?
3
Let w(t) = t**2 + 5*t - 5. Suppose -b + 17 = 2*b + 5*g, -3*b - 4*g + 16 = 0. Suppose -4*m - 5*r = -2*r + 31, 11 = -m - b*r. What is the units digit of w(m)?
9
Let w(n) = -2*n + 127. What is the units digit of w(0)?
7
Suppose 5*g - 23 = -2*h, -5*g - 6*h = -2*h - 31. Suppose -a - 5*q + 14 = 0, 42 = -g*a + 6*a + 5*q. Suppose -a = -4*p + 26. What is the tens digit of p?
1
What is the tens digit of (-3)/(5 + -2 - 63/20)?
2
Suppose f + 7 = 2. Let l = -1 - f. What is the units digit of l?
4
Let t = 20 + -25. Let n(q) = -10*q - 12. What is the tens digit of n(t)?
3
Let t = -10 + 14. Suppose -2*l - 8 = 4*d, 2 = -4*l - t*d - 2. What is the units digit of l?
2
Suppose -23 = -4*u - 7. Suppose u*s + 0 = 8. Suppose -10 = -s*b + 2. What is the units digit of b?
6
Let o be (-3 - -2)/((-1)/2). Suppose 0*m = 5*m - 25, -o = 4*k - 2*m. Let h = 9 - k. What is the units digit of h?
7
Suppose -2*b - 12 = -3*d, -2*b = -d - b + 3. What is the units digit of d?
6
Let a be (-4)/(-5)*55/(-11). Let k(x) = 3*x**2 - x + 1. Let p be k(1). Let r = p - a. What is the units digit of r?
7
Let r = 4 - 2. What is the units digit of r?
2
Suppose -3*b + 298 + 77 = 0. What is the units digit of b?
5
Suppose 27 + 23 = 5*g - 3*m, -2*g + 21 = -m. What is the tens digit of g?
1
Suppose -g = 2*q - 71, -3*g = -q + 23 - 5. What is the tens digit of q?
3
Let z(o) = o**3 - 2*o**2 - 2. Let v(a) = -a**3 + a**2. Let b be v(-1). Let u be z(b). What is the units digit of (-7 - -3)*u/1?
8
Suppose 20 = 5*z, 3*y + z + 5 = 12. Let p be y - 3 - 3 - 3. Let c = 18 + p. What is the tens digit of c?
1
Let i = -2 + 2. Suppose i = -2*t + 5*t - 48. What is the tens digit of t?
1
Let o(u) = -u**3 + 4*u**2 - 3*u + 2. Let s be o(3). Suppose 23 = -s*h - 11. Let a = -12 - h. What is the units digit of a?
5
Let z = -16 + 13. Let b(l) = -3 + 1 - 2 + l**2 - l. What is the units digit of b(z)?
8
What is the tens digit of (555/12)/(3/(-2 + 14))?
8
Suppose -3*a + 0*a + 39 = 3*c, -8 = 2*a. What is the units digit of c?
7
Let j = 76 + -32. What is the tens digit of j?
4
Suppose 0 = 5*y + 58 - 288. What is the units digit of y?
6
Let p be 2 + 1 + -2 + -3. Let f be 7/p + (-1)/(-2). What is the units digit of (-1 - -6) + f/1?
2
Suppose t = -3*t + 20. Suppose -5*c = 3*j - 5*j - t, -3*j + 18 = c. Suppose c*k + 9 = -3*g, 3*k = g + 4 + 7. What is the units digit of k?
2
Let u(c) = 23*c**2 + 6*c - 7. What is the units digit of u(2)?
7
Let x(c) = -c**3 - 10*c**2 + 13*c + 14. Let u be x(-11). Let d = u - -18. What is the units digit of d?
0
Suppose 3*s = -4*w + 8, 2*w + 5*s = 3*w - 2. Suppose -2*h - j + 3*j + 54 = 0, w*h - 46 = -2*j. What is the units digit of h?
5
Suppose 0 = -0*b + 5*b. Suppose 3*y = a + 3*a - 12, b = 2*a - 3*y. What is the tens digit of 64/a - (-16)/(-24)?
1
Suppose 65 = 5*x - 275. What is the units digit of x?
8
Suppose -15 = -3*o + 3*d, 7*o = 4*o - 2*d - 10. Let v = 10 - o. What is the units digit of 10 - (-5)/(v/4)?
2
Suppose 3*j + 0*j = 9. Suppose j*c - 48 = 30. What is the tens digit of c?
2
Let s(p) be the first derivative of 2*p**2 - 11*p + 5. What is the tens digit of s(8)?
2
Let t be (18/4)/((-1)/2). Let u(b) = 3 - 2*b - 3 - 1 - 3. What is the tens digit of u(t)?
1
Let r be (-13)/(-5) - 6/(-15). Suppose 6*q - 29 = q - 2*a, -5*q = r*a - 31. What is the units digit of q?
5
Let v = -1 - -3. Let o be (v + 0/2)*2. Suppose 0 = o*r - 0*r - 4. What is the units digit of r?
1
Let t(y) = -y**3 - y**2 + y + 1. Let b(k) = -2*k + k**2 - k**3 + k**3 - 1 + 0*k**2 - 12*k**3. Let o(x) = b(x) + 2*t(x). What is the units digit of o(-1)?
4
Let m be -1 - (18 - (3 + -1)). Let a be (-34)/3*-3 + -2. Let t = m + a. What is the units digit of t?
5
Suppose 3 - 2 = -v. Let k = -1 - v. Suppose k = 2*z + 5 - 31. What is the tens digit of z?
1
Suppose 5*j + 4 = u, 2*j + 5*u = 7*j. Let g be 3 - 8 - j/(-1). What is the units digit of g/((3 + -1)/(-2))?
6
Let z be (3/(-2))/(2/(-8)). Let y be z/3*1 + 1. What is the units digit of (2 - -1 - y) + 3?
3
Let c be 22 - -6*(-4)/8. Let l = 35 - c. What is the units digit of l?
6
Let a(y) = y**3 + 3*y**2 + 2. Let p be a(-3). Let v be 1/p*(14 + -2). Suppose -10 - v = -4*k. What is the units digit of k?
4
Suppose 0 = 3*a - 2*i - 131, 5*i = -3*a + 5*a - 69. What is the units digit of a?
7
Let g be ((-2)/2 - 2)*-1. Suppose -3*o + 2*c + 19 = 0, -2 = -2*o - g*c + 2. What is the units digit of o?
5
Suppose -5*m + 2*q = -14, -5*m - q + 8 = -0*q. Suppose -54 = -2*r - u, -m*r + 3*r - 41 = 3*u. What is the tens digit of r?
2
Let s(m) = m**2 + 3*m - 2. Let k be 2/((-3)/6 - -1). What is the units digit of s(k)?
6
Suppose 4*a + 3*p + 137 = 0, 3*a = 8*a + 5*p + 175. Let h = -8 - a. What is the tens digit of h?
2
Let n(q) = q**2 + q + 3. Let f be n(3). Let l = 2 - -3. Suppose -4*j = -l*x + 29, -4 = 3*x - 4*j - f. What is the units digit of x?
9
Let r be 4 - (3 - 48*2). Suppose r = 4*f + 29. What is the units digit of f?
7
What is the units digit of (-12)/24*-1*82?
1
Let o be (16/(-10))/((-2)/10). Suppose 3*u + o = t - 6, 0 = t + 3*u + 10. Suppose -4*y + 3*w + 12 = -6, y + t*w - 10 = 0. What is the units digit of y?
6
Suppose 3*l - y - 76 = 2*l, 3*l + y - 212 = 0. What is the units digit of l?
2
Suppose -2*l + 5*l - 108 = 0. What is the tens digit of l?
3
Suppose -h + 4*h = 9, 0 = 5*d + 2*h - 26. Let y(z) = -3*z + 6. Let g be y(d). What is the units digit of (g/(-9))/((-2)/(-39))?
3
Suppose 3*k - k - 4 = 0. Let b(a) = 10*a**2 - 5*a + 4. What is the tens digit of b(k)?
3
Let c = 124 + -8. What is the units digit of c?
6
Let c(y) = y**3 - 4*y**2. Let u be c(4). Let b = 8 + -5. Let s = u + b. What is the units digit of s?
3
Suppose 0 = -0*p + p - 7. What is the units digit of p?
7
Suppose 5*k = -43 + 128. What is the tens digit of k?
1
Suppose 30 = 5*s + 4*q, 3*s - 7*q + 2*q + 19 = 0. Suppose 0 = -5*w - s*z - 19, 0*w + z - 18 = 3*w. Let b(k) = -k. What is the units digit of b(w)?
5
Let j(f) = 6*f - 4. What is the units digit of j(15)?
6
Let k(x) = 3*x - 2. Let i be k(2). Suppose 30 + 34 = i*h. What is the units digit of h?
6
Let r(t) = -3*t. Let w be r(-1). Suppose m - 20 = v, 11 + 29 = 2*m + w*v. What is the units digit of m?
0
Suppose -2*o = o - 390. Suppose -68 = -2*v - 4*h, -o = -4*v - h - h. What is the tens digit of v?
3
Suppose 0 = 3*x + 4*b + 10, -5*b - 4 - 8 = 4*x. What is the units digit of (-1 - -3)*6 - x?
0
Let i(a) = -3*a**3 - 3*a**2 + a - 4. What is the units digit of i(-3)?
7
Let c = -71 + 103. Suppose 2*t + c + 20 = 2*g, 3*t = -g + 6. What is the tens digit of g?
2
Suppose -2*r + 4*l + 210 = 0, 4*l = r - 0*l - 99. What is the tens digit of r?
1
Let i(x) = -8*x**3 - x**2 - x. Let d be i(-1). Let a be (-2